r + j, i*b + r = 32. What are the prime factors of b?
17
Let z = -7872 + 13206. What are the prime factors of z?
2, 3, 7, 127
Let p(u) = -u - 10. Let z be p(-5). Let i(x) = 2*x**2 + 4*x + 2. List the prime factors of i(z).
2
Let k be ((-4)/3 - -2)*3. Let l = 491 + -489. What are the prime factors of (l - k) + 52 - 1?
3, 17
Let y = -46 - -67. Let l = y + -3. What are the prime factors of l?
2, 3
What are the prime factors of (-9)/(-225)*5 - (-994)/5?
199
Let z be (1 + 2/(-8))*432/3. Let k = z - 54. What are the prime factors of k?
2, 3
Let h = -62 + -27. Let k = h - -136. Suppose 3*m + 4*z = k, 0*m + 34 = m + 5*z. List the prime factors of m.
3
Suppose 5*w + 3 = 4*a + 6, 2*a = 2*w. Suppose -6*u + 117 + a = 0. List the prime factors of u.
2, 5
Let f(i) = i**3 + 10*i**2 + 6*i - 18. Let g be f(-9). Let w(j) = -2*j**2 + 20*j + 6. List the prime factors of w(g).
2, 3
Suppose 13*v = -948 + 8449. List the prime factors of v.
577
Let i(b) = -b**2 - 11*b - 12. Let m be i(-10). Suppose 0 = -7*d + 70. Let y = d - m. What are the prime factors of y?
2, 3
Suppose 8 = -3*s - 5*v - 48, 5*s = 5*v - 120. Let c = s + 69. What are the prime factors of c?
47
Let c(w) = 4*w - 6. Let t(u) = 7*u**2 - u - 1. Let i be t(-1). Let o be 42/14*i/3. What are the prime factors of c(o)?
2, 11
Let y(z) be the second derivative of z**4/4 - 3*z**3/2 - 5*z**2/2 - 2*z. List the prime factors of y(5).
5
Let o be ((-6)/3)/((-8)/292). Suppose 4*s = 2*t - o - 29, 0 = -5*s - 25. What are the prime factors of t?
41
Let q = -221 + 430. What are the prime factors of q?
11, 19
Let o(f) = f**2 - 6*f - 216. What are the prime factors of o(21)?
3, 11
Let r(w) = -3*w**2 - w - 6. Let x be r(-5). Let c = x + 41. Let g = -20 - c. What are the prime factors of g?
3, 5
Let w = -25 + 30. Suppose -w*r = 10 - 35. Suppose -r*y + 60 = y. List the prime factors of y.
2, 5
Let r(s) = -s**2 - 16*s - 25. Let c be r(-14). Let m(n) = 14*n + 19. List the prime factors of m(c).
61
Suppose 92*s - 11735 = 20281. What are the prime factors of s?
2, 3, 29
Suppose 26*h = 11*h + 4515. List the prime factors of h.
7, 43
Let u(p) = p**2 + 31*p + 295. What are the prime factors of u(-64)?
29, 83
Let f be (7/(70/(-135)))/((-3)/78). Let o = f + -185. What are the prime factors of o?
2, 83
Let k = 80 - 78. Suppose -4*y = 4*o - 48, 23 = 2*y + o + k. List the prime factors of y.
3
Suppose 0 = -17*y + 27212 + 43253. What are the prime factors of y?
5, 829
Let r = -9 + 21. Suppose -4*w = -5*w + r. What are the prime factors of w?
2, 3
Let l(f) = f**3 + 48*f**2 - 36*f - 145. List the prime factors of l(-46).
5743
Let a(m) = -m**2 - 2*m + 1. Let b be a(-2). Let y(u) = 83*u - 6. Let g(t) = -28*t + 2. Let i(d) = 11*g(d) + 4*y(d). What are the prime factors of i(b)?
2, 11
Suppose -i + 2112 = 5*j, 865 + 395 = 3*j + 3*i. What are the prime factors of j?
3, 47
Let o(v) = -v - 2. Let x be o(-14). Let r(q) = q**3 - 13*q**2 + 13*q - 9. List the prime factors of r(x).
3
Suppose -10*r + 5*n + 7420 = -5*r, -2*r - 3*n + 2948 = 0. What are the prime factors of r?
2, 5, 37
Let c = 54 + 43. Suppose q = -2*t + 22, t + c = 4*q - 0*t. List the prime factors of q.
2, 3
Suppose 5*c - r - 7100 = 0, -75*r + 72*r + 4260 = 3*c. What are the prime factors of c?
2, 5, 71
Suppose 3*h + 5*r - 13 = 0, -11 = h - 2*r + 3. Let v = h - 0. Let g(u) = u**3 + 5*u**2 - 3*u. What are the prime factors of g(v)?
2, 7
Let a = -52 - -106. Suppose 0 = 4*k - a - 22. What are the prime factors of k?
19
Let v(a) = -5*a**3 - 7*a**2 + 10*a + 68. What are the prime factors of v(-8)?
2, 3, 5, 7
Let p = 7 + -6. Let d be 0/(-4) - p*-6. Suppose d = w + 2*w. What are the prime factors of w?
2
Suppose -4*u - p + 8 = p, -3*u + 6 = -3*p. Let l be (-2 + 3)*-2*1. What are the prime factors of 4/l - (u - 9)?
5
Suppose 19*k + 5*k - 11856 = 0. List the prime factors of k.
2, 13, 19
Let x(a) = a**2 - 7*a - 7. Let y(l) = -l**3 - 2*l**2 + l + 2. Let t be y(-3). Let s be x(t). List the prime factors of ((-12)/(-9) - s)*36.
2, 3
List the prime factors of 67580/93 + 7/3.
3
Suppose 2*j + 6 = 12. Suppose 0 = 4*y - 0*m - 2*m + 2, -4*y + m = 1. Suppose -5*h + 145 = 5*q, 0 = -j*q - y*q - h + 89. List the prime factors of q.
2, 3, 5
List the prime factors of (2/(-4))/(133189/(-14798) - -9).
7, 151
Let w be (-9)/(18/(-8)) + -4. Suppose 0 = -3*y + 4*a + 31, 4*y - 4*a + 3*a - 50 = w. Let l = y - 10. What are the prime factors of l?
3
Let i be 16/(-4) + 0 + -2. Let c(p) = 2*p**2 + 11*p + 18. List the prime factors of c(i).
2, 3
Let h = -1040 - -3231. List the prime factors of h.
7, 313
Suppose 4*y - 2*z = 318 + 544, 5*y + z - 1074 = 0. Let d = y - 128. Suppose 4*q - 57 = -0*q + u, 0 = 5*q + 4*u - d. What are the prime factors of q?
3, 5
Suppose -4*p + 70 = v, -4*p - 172 - 70 = -3*v. List the prime factors of v.
2, 3, 13
Suppose -u - 9 = -g, -g + 3*u = -4*g + 9. Let w be (2/(-2))/((-2)/g). What are the prime factors of (-3)/3 + 28 - w?
2, 3
Let q(o) = 5*o**2 + 2*o + 1. Let c be q(-1). Suppose c*x - 335 = -3*f + 8*x, 0 = -4*f - 4*x + 456. What are the prime factors of f?
113
Let j be ((-22)/4 + -2)*(-64)/(-48). Let m = 16 - 37. List the prime factors of ((-72)/j)/(m/(-70)).
2, 3
Suppose -11*m - 4390 = -21*m. List the prime factors of m.
439
Let z = -9 + 15. Suppose z*w - 88 - 68 = 0. List the prime factors of w.
2, 13
Let i(l) = 5*l**2 + 8*l**3 + 3 - 3*l**2 - 10*l - 7*l**3. What are the prime factors of i(4)?
59
Let n = 1781 + 591. List the prime factors of n.
2, 593
Suppose -2*x - 12 = 2*x. Let k(n) = n + 5. List the prime factors of k(x).
2
Suppose 78*x - 49*x - 25375 = 0. List the prime factors of x.
5, 7
Suppose -j = -3*j + 6. Suppose -j*d = k + 11 + 15, 5*d = -k - 44. List the prime factors of (1 + 1)/((-3)/d).
2, 3
Suppose -45*h - 6234 = -47*h. List the prime factors of h.
3, 1039
Let l(r) = r**3 - 5*r**2 + 5*r - 6. Let i be l(4). List the prime factors of i*((-202)/4 - (-4 - -1)).
5, 19
Let n(r) = -r**3 + 2*r**2 + 3*r + 4. Let g be n(3). Let y = -70 - -23. List the prime factors of (-2)/g*(9 + y).
19
Suppose 473 = q + 5*a, -2 - 1 = 3*a. What are the prime factors of q?
2, 239
Let b(i) = -2*i**3 - 2*i**2 - 3*i - 3. Let f be b(-2). Suppose -8*o = -7*o - f. What are the prime factors of o?
11
Suppose 92 = -2*x - 68. Let b = x + 143. What are the prime factors of b?
3, 7
Suppose -5*g = d - 675, -23*d - g = -22*d - 659. List the prime factors of d.
5, 131
What are the prime factors of ((-9940)/21 - -8)*9/(-4)?
3, 349
Let j(h) be the first derivative of h**3/3 - h**2 + 46*h + 281. Let y(w) = w**2 + 2*w. Let g be y(-2). What are the prime factors of j(g)?
2, 23
Suppose 26 = v - 2*r, 4*v - r + 41 = 5*v. Let c = 43 + v. What are the prime factors of c?
79
Suppose 0 = 4*k, -2*x + 3*k + 20568 - 2514 = 0. List the prime factors of x/99 + (-3)/((-66)/(-4)).
7, 13
Suppose 3*w = i + 7, 4*i = -4*w + 1 + 3. Let h be (-64)/24 + 2 + 24/9. Suppose -74 = -3*q + h*x, 94 = 5*q + w*x + 2*x. List the prime factors of q.
2, 11
Let a = -39 - 61. Let l = a + 219. List the prime factors of l.
7, 17
Let s = 9 - 13. Let r be s*(3 - (-100)/(-16)). Suppose g = 3*w + 10, 5*g - r = 3*g - w. List the prime factors of g.
7
Let k be 210/24 - 1/4*-1. Suppose -k*p - p + 780 = 0. List the prime factors of p.
2, 3, 13
Let k(g) be the second derivative of 1/2*g**4 - 1/6*g**3 + 0 + 3*g + 1/20*g**5 + 3*g**2. List the prime factors of k(-4).
2, 3, 7
Suppose 26*l - 1992 = 18*l. What are the prime factors of l?
3, 83
Suppose -z + 517 + 428 = 0. What are the prime factors of z?
3, 5, 7
Suppose 0 = -8*h + 4*h - 144. Let c = 79 + h. What are the prime factors of c?
43
Suppose v + 3*v = -4, -2*h - 3*v + 39 = 0. Let y = -5 - 0. Let o = y + h. List the prime factors of o.
2
Let c be 12/(-7) - 10/35. Let t(m) = 1 - 2 - m**3 - 2*m + 0 + m + m**2. What are the prime factors of t(c)?
13
Let k be 1*(0 + (1 - -4)). Suppose 50 = -3*r + 8*r - k*j, 4*r - 48 = 2*j. Suppose -g + r = 3*t, 5 + 13 = 3*g - 3*t. What are the prime factors of g?
2
Suppose 0 = 5*n + d - 4374, -6*n = -3*n - 3*d - 2628. What are the prime factors of n?
5, 7
Let k(n) = 0*n**2 - 2 - n + 4 + 6*n**2. Let g be k(-5). Suppose 8*w + 13 = g. What are the prime factors of w?
2, 3
Let m(f) = 9*f**3 - f**2 + 2. Let g(w) = -w**3 + 2*w + 3. Let h be g(0). What are the prime factors of m(h)?
2, 59
L